of 5810 and 140?
70
What is the greatest common factor of 378 and 1722?
42
Calculate the greatest common factor of 153 and 17.
17
What is the highest common divisor of 361 and 76?
19
What is the highest common divisor of 21 and 8757?
21
What is the highest common divisor of 23900 and 20?
20
Calculate the greatest common divisor of 735 and 300.
15
What is the highest common divisor of 14 and 189?
7
Calculate the highest common divisor of 210 and 70.
70
Calculate the greatest common factor of 98 and 406.
14
What is the greatest common divisor of 125 and 24875?
125
What is the greatest common factor of 12756 and 96?
12
What is the greatest common factor of 52 and 19643?
13
What is the highest common divisor of 623 and 7?
7
Calculate the highest common divisor of 720 and 45.
45
Calculate the highest common divisor of 556 and 4.
4
What is the greatest common divisor of 2625 and 5?
5
What is the highest common factor of 135 and 285?
15
What is the greatest common divisor of 102 and 6?
6
Calculate the greatest common factor of 616 and 49.
7
What is the greatest common divisor of 41796 and 258?
258
What is the greatest common divisor of 30 and 48?
6
Calculate the highest common divisor of 12 and 2004.
12
Calculate the greatest common divisor of 7125 and 855.
285
What is the highest common factor of 32 and 1096?
8
What is the highest common factor of 16 and 1456?
16
Calculate the highest common divisor of 83 and 6889.
83
Calculate the highest common divisor of 144 and 18.
18
Calculate the greatest common divisor of 15 and 39.
3
What is the highest common divisor of 21 and 903?
21
Calculate the highest common factor of 2555 and 146.
73
What is the greatest common factor of 168 and 24?
24
What is the greatest common factor of 584 and 73?
73
What is the highest common factor of 1284 and 30?
6
What is the greatest common factor of 8 and 32?
8
What is the greatest common factor of 68 and 15147?
17
Calculate the highest common factor of 116 and 12.
4
Calculate the highest common divisor of 402 and 938.
134
Calculate the greatest common divisor of 450 and 36.
18
What is the greatest common factor of 1166 and 264?
22
What is the highest common divisor of 16 and 8?
8
What is the highest common factor of 114 and 76?
38
Calculate the greatest common factor of 5 and 160.
5
Calculate the highest common divisor of 120 and 270.
30
What is the greatest common factor of 48 and 2544?
48
What is the highest common factor of 10 and 130?
10
Calculate the greatest common divisor of 280 and 160.
40
Calculate the highest common divisor of 828 and 36.
36
Calculate the highest common divisor of 2079 and 1764.
63
What is the greatest common factor of 272 and 2312?
136
Calculate the highest common factor of 343 and 98.
49
What is the greatest common factor of 8 and 20?
4
What is the highest common divisor of 138 and 37122?
138
Calculate the highest common factor of 25 and 1050.
25
What is the highest common factor of 300 and 6700?
100
What is the greatest common factor of 216 and 1836?
108
What is the greatest common factor of 66 and 286?
22
Calculate the greatest common divisor of 66 and 39666.
66
What is the highest common divisor of 124 and 558?
62
Calculate the highest common divisor of 341 and 33.
11
Calculate the highest common divisor of 391 and 102.
17
Calculate the greatest common divisor of 363 and 847.
121
Calculate the highest common divisor of 3159 and 156.
39
What is the highest common factor of 184 and 1196?
92
What is the greatest common divisor of 21 and 574?
7
What is the highest common divisor of 133 and 38?
19
What is the highest common factor of 112 and 272?
16
Calculate the greatest common factor of 407 and 264.
11
What is the greatest common divisor of 1881 and 45?
9
Calculate the greatest common factor of 47026 and 14.
14
Calculate the highest common factor of 2485 and 7.
7
Calculate the greatest common factor of 78 and 39.
39
Calculate the greatest common divisor of 78 and 258.
6
What is the highest common divisor of 93 and 465?
93
What is the greatest common divisor of 412 and 1133?
103
Calculate the greatest common divisor of 84 and 357.
21
Calculate the greatest common divisor of 266 and 56.
14
Calculate the greatest common factor of 7596 and 108.
36
Calculate the highest common factor of 58 and 232.
58
Calculate the greatest common factor of 400 and 32.
16
What is the highest common divisor of 37 and 296?
37
What is the highest common factor of 882 and 14?
14
What is the greatest common factor of 438 and 146?
146
What is the greatest common divisor of 3375 and 162?
27
What is the highest common factor of 20 and 6?
2
Calculate the greatest common factor of 11526 and 204.
102
What is the greatest common factor of 470 and 30?
10
Calculate the highest common divisor of 270 and 8820.
90
What is the highest common factor of 70 and 1190?
70
Calculate the greatest common divisor of 3535 and 808.
101
Calculate the greatest common divisor of 57 and 57.
57
Calculate the highest common divisor of 28 and 98.
14
Calculate the highest common factor of 41 and 14.
1
Calculate the greatest common factor of 5 and 115.
5
Calculate the highest common divisor of 92 and 115.
23
Calculate the highest common factor of 285 and 228.
57
What is the highest common factor of 15 and 615?
15
Calculate the highest common divisor of 6493 and 258.
43
What is the greatest common divisor of 9 and 330?
3
What is the highest common divisor of 1736 and 182?
14
What is the highest common divisor of 6 and 54?
6
What is the greatest common divisor of 105 and 8883?
21
What is the highest common divisor of 26356 and 176?
44
What is the highest common divisor of 885 and 15?
15
Calculate the highest common factor of 75 and 1650.
75
What is the greatest common divisor of 370 and 20?
10
Calculate the highest common factor of 145 and 928.
29
What is the highest common divisor of 440 and 3740?
220
What is the greatest common divisor of 13 and 169?
13
Calculate the highest common divisor of 2685 and 15.
15
Calculate the greatest common factor of 11688 and 24.
24
What is the greatest common divisor of 130 and 78?
26
What is the highest common factor of 48 and 104?
8
What is the greatest common factor of 30 and 216?
6
Calculate the greatest common factor of 117 and 81.
9
Calculate the greatest common divisor of 22 and 13904.
22
Calculate the highest common factor of 352 and 1364.
44
Calculate the highest common factor of 1228 and 8.
4
What is the highest common factor of 3377 and 44?
11
What is the highest common factor of 52 and 1157?
13
What is the greatest common factor of 2839 and 17?
17
Calculate the highest common factor of 1835 and 5.
5
Calculate the greatest common divisor of 2263 and 124.
31
Calculate the highest common factor of 726 and 59169.
363
Calculate the highest common divisor of 176 and 18568.
88
What is the highest common divisor of 450 and 1086?
6
What is the greatest common divisor of 7701 and 119?
17
What is the highest common divisor of 98 and 8?
2
What is the greatest common factor of 15 and 12?
3
What is the highest common factor of 420 and 770?
70
Calculate the highest common divisor of 130 and 39910.
130
What is the greatest common divisor of 48 and 2568?
24
What is the greatest common factor of 864 and 512?
32
Calculate the highest common factor of 994 and 3266.
142
Calculate the greatest common divisor of 4 and 524.
4
Calculate the greatest common divisor of 16020 and 180.
180
Calculate the greatest common factor of 729 and 9.
9
What is the greatest common factor of 18 and 276?
6
What is the greatest common factor of 252 and 396?
36
What is the greatest common divisor of 120 and 1088?
8
Calculate the highest common factor of 74 and 333.
37
What is the greatest common divisor of 3179 and 22?
11
Calculate the greatest common factor of 4557 and 126.
21
Calculate the greatest common factor of 10829 and 476.
119
Calculate the greatest common divisor of 19 and 209.
19
What is the greatest common divisor of 147 and 49?
49
Calculate the highest common divisor of 364 and 112.
28
What is the highest common factor of 111 and 4551?
111
What is the greatest common divisor of 1250 and 400?
50
What is the highest common factor of 4149 and 9?
9
What is the greatest common factor of 68 a